et f = o - 4. Let h(c) = -f + 5*c**2 + 1 - c**3 + 0. Calculate h(5).
-2
Let i(b) = -b - 9. Suppose -35 = 4*l - 4*a + 1, 5*a - 18 = 2*l. Determine i(l).
0
Let m(n) = n**2 - 8*n + 1. Let g be (-14)/(1/2*-4). Calculate m(g).
-6
Let d(u) = -u**3 - 2*u**2 + 3*u - 5. Let h be d(-4). Let l be h/3*4/(-10). Let r(f) be the third derivative of -f**5/20 + 22*f**2 + 1. What is r(l)?
-12
Let t(x) be the third derivative of x**6/120 + x**5/12 - 5*x**4/24 + 5*x**3/6 - 5*x**2. Determine t(-6).
-1
Let r(h) = 3*h**2 + h. Suppose -5*u + 2*v + 3 = 0, -v + 2 = 5*u - 4*v. Calculate r(u).
4
Suppose -2*d = -0*g - 2*g + 10, -4*g = 3*d - 13. Suppose -b + g*b = 27. Suppose -4*n = -b*n - 5. Let p(y) = -7*y**3 + 2*y + 1. Calculate p(n).
6
Let l be 6*3/6 - 2. Suppose 6 = -5*j + l. Let o(s) = -2*s**3 + s + 1. Determine o(j).
2
Let j(r) = -7*r - 7. Let i(x) = 4*x - 10. Let o be i(7). Suppose o = -2*s + 5*s. Let m(k) = -8*k - 8. Let q(d) = s*j(d) - 5*m(d). Determine q(-5).
8
Suppose 8 = -y + 3*d - 5, 3*y + d = -9. Let h(t) be the first derivative of -2*t**2 + 1/4*t**4 - 3*t - 2 + t**3. What is h(y)?
-3
Let y(h) be the first derivative of -7*h**4/4 + h**3/3 + h**2/2 + h + 3. Determine y(-1).
8
Let s(p) = -p**2 - 5*p + 6. Let i = 5 - 11. Give s(i).
0
Let p = 1 + -2. Let i(n) = -n - 8 + 9 + 0*n + 3*n**3 + 3*n. Calculate i(p).
-4
Suppose 0 = -4*j + 5 - 1. Let g(n) = -j - 3*n - 3 + 4*n + 7. Determine g(0).
3
Suppose -3*g = 12, j - 5*j + 5*g + 32 = 0. Let t(f) = 6*f + f**3 - f**2 - j*f**2 + 3*f**2 - 4*f**2 - 1. Calculate t(4).
7
Let j(b) = b - 15. Let f be j(10). Let g(o) = -o**3 - 4*o**2 + 2*o - 4. Determine g(f).
11
Let w(k) = -k - 2. Suppose 5*y - 11 = 4. Suppose 2*p - 5*p = y*f + 9, 4*f - p - 3 = 0. What is w(f)?
-2
Let t = 2 + 0. Let r = 5 + -3. Let s(x) = 5*x + 0 - 5*x**3 - 3*x**r + x**3 - t + 3*x**3. What is s(-4)?
-6
Let c(b) = 0*b - b + 5*b - 5 + b**2 + 2*b. Give c(-6).
-5
Let r(j) = -5*j**2 - 1. Suppose -t = -4*y - 5, 3 = y + 5*t - 1. Determine r(y).
-6
Let y(f) = 3*f - 1. Let n(r) = -2*r + 1. Let k(w) = -8*n(w) - 5*y(w). Let d(x) = x + 7. Let a be d(-5). What is k(a)?
-1
Suppose -3*v = 2 - 5. Let f(z) be the first derivative of 9*z**2/2 + z + 4. Give f(v).
10
Let i = -20 + 26. Let a(y) = y**3 - 5*y**2 - 3*y - 8. Calculate a(i).
10
Let h = 42 - 70. Let w be 1/4 - 77/h. Let x(b) = -b**w - b + 2*b**3 + 3*b**2 + 3 - b. What is x(-3)?
9
Let k(l) be the first derivative of -l**3/2 + 9*l**2/2 - 3*l - 5. Let j(w) be the first derivative of k(w). Give j(6).
-9
Let k(w) = w**2 - 9*w + 8. Let f be k(9). Let y = f - 6. Let v(p) = 2*p**3 - 2*p**2 - p - 1. What is v(y)?
5
Suppose 0 = -5*s - 3*j - 20 + 51, 5*s + j - 37 = 0. Let m(p) = -p + 11. Determine m(s).
3
Suppose 2*b = 2*x + 4, x + 0 + 4 = 3*b. Let r be x/5 + 3/15. Let c = r + -3. Let h(n) = -3*n - 3. What is h(c)?
6
Let l = -7 + 1. Let w = l + 10. Let c(u) = -2*u**2 + 7*u + 0 - u - 1. Give c(w).
-9
Suppose 5*o + 5*b = -10, 4*o - 2*b = -2 - 0. Let y(q) = 3*q + 1. Determine y(o).
-2
Let v(n) = 2*n - 2. Let o be -2 - (2 + -12)/2. Let i be ((-2)/4)/(o/(-36)). Calculate v(i).
10
Let r(y) = -y**2 + y + 1. Let z(o) = -o**3 + o**2 - o. Let n(u) = 2*u**2 + u + 1. Let a be n(-1). Let i(q) = a*z(q) + r(q). What is i(1)?
-1
Let y(p) = -p**3 - 3*p**2 - 3. Let o(a) = -a**3 - 3*a**2 - a - 3. Let k = -3 + 0. Let w(r) = k*y(r) + 4*o(r). Give w(-2).
1
Let f(m) be the second derivative of -m**3/6 - 5*m**2/2 + 6*m. Let y be -1 - 1 - (-4 + 2). Determine f(y).
-5
Let w(u) = -u. Let o(y) = -4*y + 9. Let b be o(6). Let h = -9 - b. Give w(h).
-6
Let h(y) be the second derivative of -y**6/360 - y**5/40 - y**4/24 - y**3/6 - y. Let s(q) be the second derivative of h(q). Give s(-4).
-5
Let c(n) be the first derivative of -n**6/360 - n**5/120 + n**4/12 - n**3/3 - 1. Let q(b) be the third derivative of c(b). Let z = -10 - -12. Calculate q(z).
-4
Suppose -2*b + 10 = 5*p, -4*b - 6*p + 8*p - 4 = 0. Let i(c) = -c - 2. Give i(b).
-2
Let p(g) = 5*g - 2. Suppose 0*s - 24 = -2*s. Let u be (s/(-15))/(2/(-5)). Determine p(u).
8
Suppose 4*b - 56 = -4*p, 0 = 2*b + 2*b - 4*p - 48. Let d = -14 + b. Let v(s) = 7*s**3 - 2*s**2 - s. Calculate v(d).
-8
Let h = -8 - -4. Suppose -n = -2*n. Let r(q) = n*q + 6 + q**2 - 2*q + 6*q. What is r(h)?
6
Suppose 5*x - 1 - 4 = 0. Suppose -1 = -2*n + x. Let g(p) = -n + 0 + 3*p + 0. Determine g(3).
8
Let a be (6/8)/(60/40). Let s(u) be the second derivative of -1/2*u**2 - 2*u - 1/12*u**4 - a*u**3 + 0. Calculate s(-2).
1
Let p(w) = -w**2 + 6*w + 8. Suppose l - 4*l - 7 = -5*c, 4*c = 20. What is p(l)?
8
Let o(h) = -h**2 + h. Let a(s) = 13*s**2 - 1. Let w(z) = -a(z) - 2*o(z). What is w(1)?
-12
Let r(h) = -h**3 + 4*h**2 + 7*h - 5. Suppose -6*k = -k - 25. Give r(k).
5
Let x be 550/44*(-4)/(-10). Let c(o) be the second derivative of o**3/6 - 3*o**2/2 + o. Give c(x).
2
Let s(v) = -5*v + 3*v + v. Let w be (-30)/(-9)*(-6)/4. What is s(w)?
5
Let m(x) = -2*x - 2. Suppose 12 + 18 = -5*d. What is m(d)?
10
Let v(r) be the second derivative of -r**3/6 - 3*r**2 - r. Let n be (-1044)/(-63) - 8/14. Suppose 2*t + 28 = n. Calculate v(t).
0
Let m(v) be the first derivative of v**3/3 - 3*v**2/2 + 2*v - 6. Let z be 14/2 - (-15)/(-5). Determine m(z).
6
Let a(c) be the third derivative of -c**5/60 - c**4/4 - 5*c**3/6 - 5*c**2. Give a(-6).
-5
Let x(s) = -4*s**3 - 5*s**2 - 2*s + 4. Let c(z) = z**3 - 1. Let t be 1 + 1 + -3 + 0. Let j(h) = t*x(h) - 3*c(h). What is j(-4)?
7
Let k be ((-16)/(-10))/((-2)/(-5)). Let t(l) = -l**3 + 3*l**2 + 4*l + 1. Let u be t(k). Let h be (-1)/((0 + 1)/u). Let i(p) = -2*p + 1. Give i(h).
3
Suppose 2 = -4*q + 14. Let n(l) = -25*l**2 - 2*l - 7. Let p(h) = 12*h**2 + h + 3. Let b(c) = q*n(c) + 7*p(c). Give b(-1).
8
Let h(i) = 271*i**2 - i**3 + 8 - 1 - 276*i**2. Calculate h(-5).
7
Let z(d) = 4*d**3 - d**3 - 4*d**3 - 4*d - 5*d**2 + 2. Give z(-4).
2
Let i(x) be the first derivative of x**3 - 4*x**2 - 4*x - 1. Let j(t) = -2*t**2 + 7*t + 4. Let z(f) = -3*i(f) - 4*j(f). Let c(d) = -d. Let b be c(4). Give z(b).
-4
Let i(d) = -7*d**2 - 7*d + 5. Let y(p) = -10*p**2 - 10*p + 7. Let w(l) = 7*i(l) - 5*y(l). Let u = 200 - 201. Give w(u).
0
Suppose -5*g - 1 = -16. Suppose -g*x = -5*x - 4. Let o(q) = -2*q**3 - 3*q**2 - 3*q - 1. Calculate o(x).
9
Let i(u) = 11*u**3 + 4*u - 6 - 4*u**2 - 5 + 6*u**2. Let a(d) = -5*d**3 - d**2 - 2*d + 5. Let s(w) = -13*a(w) - 6*i(w). Give s(2).
1
Let f(l) = 4*l**3 - l**2 + 2*l - 1. Suppose -5*d = -0*d - 15. Suppose 2*u + 7 = d*a, 11 = 5*a - 2*a - 4*u. Calculate f(a).
4
Let h(w) = -2*w - 4. Let g = 45 + -50. Calculate h(g).
6
Suppose -36 = 4*p - 0*p. Let f be ((-12)/p)/((-2)/6). Let z = f - -1. Let s(r) = r**2 + 3*r - 1. What is s(z)?
-1
Let t(n) = 7*n**2 + 8*n**2 - 14*n**2 - 4*n**3. Let j(d) = d - 4. Let h be j(5). Give t(h).
-3
Let b(p) = -p**3 + 5*p**2 - 3*p. Let a be -9*((-2)/6 + 0). Calculate b(a).
9
Let p(i) = i**3 - i**2 - 2*i - 2. Let g(u) = -2*u**3 + 3*u**2 + 5*u + 5. Let m(j) = 4*g(j) + 9*p(j). Determine m(-3).
-4
Suppose x = -24*x - 125. Let j(a) = -5*a**3 + 4*a**2 - 5*a - 3. Let w(n) = -11*n**3 + 8*n**2 - 10*n - 7. Let u(p) = -13*j(p) + 6*w(p). What is u(x)?
-3
Let c(m) = m + 5 - 3 - 5. Calculate c(0).
-3
Suppose -6*y + y + 5 = 0. Let d(q) = 12*q**3 - 2*q**2 + 2*q - 1. Give d(y).
11
Suppose 9 = -3*b, -2*d + 3*b = -0*b - 11. Let v(h) = -1 - h + d. Give v(2).
-2
Let w = -50 - -52. Let i(v) = 10*v - 2. Determine i(w).
18
Let d(p) = -2 + 0*p - 4 - 3*p. Let c(w) = -3*w + 3. Let a be c(4). Let y = 5 + a. Determine d(y).
6
Let f = -6 - -8. Let u(g) be the second derivative of 0 - 3/2*g**f - 2/3*g**3 - 1/12*g**4 - 2*g. What is u(-4)?
-3
Let m(n) = -2*n + 1. Suppose -3*b - 115 = -5*d - 6*b, 2*d = 2*b + 30. Let c = d + -21. Determine m(c).
3
Let d(y) be the first derivative of y**4/4 + 2*y**3/3 + y**2 - 2. What is d(-2)?
-4
Let i(v) = -5*v - 1. Let j(u) = 16*u + 3. Let k(s) = 7*i(s) + 2*j(s). What is k(2)?
-7
Let u be 10/(-25) - (-26)/(-10). Let r(g) = -2*g**3 - 4*g**2 - 8*g - 6. Let c(t) = t**3 + t. Let q(b) = u*c(b) - r(b). Give q(5).
6
Let p(y) = 11*y**3 + 6*y**2 - 9*y + 4. Let b(j) = 5*j**3 + 3*j**2 - 4*j + 2. Let d(a) = 9*b(a) - 4*p(a). Let l be d(-3). Let g(o) = 7*o + 2 - l. What is g(1)?
7
Let x(u) = u**2 + 10*u + 11. Let v be x(-9). Let j(h) = 5*h**2 + 10*h**v - 4*h**2 - 2*h**2. Calculate j(1).
9
Let g(y) = -y**2 - 4*y